+ 8 - (0 + 27 - 0) - -5.
-14
What is the value of (27 - (-16 - -20)) + -3?
20
What is the value of -68 + 53 + 0 + 11 + -10?
-14
What is the value of 26 + (-19 - -15) - 11?
11
Calculate -13 + 24 + 1 - (-2 - -8).
6
Calculate (-4 + 2 - 5) + (41 - (-8 + 23)).
19
Evaluate -21 + (2 + -2 - 8) + -14 + 30.
-13
What is the value of -270 + 285 + (-12 - -1)?
4
What is 8 + (-4 - (4 - (12 - 8)))?
4
What is the value of -207 + 226 + 0 + -10 + -3?
6
Evaluate 9 + (-19 - -16) + -5 + (-5 - 1).
-5
What is the value of -2 + -3 - -4 - (-1 - 4 - 12)?
16
Calculate 3 + 9 + -2 + -12.
-2
What is the value of (-1 - -15) + (38 - 80) + 45?
17
(-22 - 15) + 1 + 32
-4
(-9 - 2 - (3 - (1 - -1))) + 4
-8
What is the value of 19 + -14 + 0 + -2 - 19 - -6?
-10
18 + (7 - 16) - 1 - 25
-17
Calculate (29 - -3) + -3 + 1.
30
What is the value of 2 + 50 - (-19 + 1 + 38)?
32
262 + -221 - (61 + 1)
-21
(4 - (5 - 12)) + 1 + 1
13
What is -6 - (-33 - (17 + -29))?
15
What is the value of -4 + -7 + 5 + 10 + -6 - 8?
-10
0 + -11 + (15 - -11)
15
What is the value of 4 + 0 + (300 - 303)?
1
What is the value of (-19 + 4 + 5 - -30) + -2?
18
-4 - (-21 + 15 + 14)
-12
Calculate 4 + -3 - (-16 + 4 + 12).
1
What is -148 - -143 - (-2 + 1 - 2)?
-2
Calculate 0 + 2 - (13 - (-4 + 12)) - 1.
-4
What is the value of -43 + 61 - (3 - ((-4 - 1) + 9))?
19
Evaluate 6 - ((1 + -3 - (18 - 15)) + 2).
9
-12 + (-11 - 11 - -14)
-20
Calculate (10 + (-13 - -17) - 11) + -1.
2
-8 + -3 + (11 - (-12 + (-12 - -36)))
-12
Evaluate (-1 - 2 - 24) + (-8 - (38 - 53)).
-20
(-1 - 6 - 0) + 4
-3
1 - (-2 + 3 + -10) - 3
7
-19 + 7 + -24 + 13
-23
What is the value of -1 + (-11 - 11) - -13?
-10
Evaluate 0 + 16 + -1 + -1 + (-4 - 3).
7
What is the value of -6 + 1 + (175 - 160) - 8?
2
What is -12 - (-8 - -16) - (2 - 9)?
-13
Evaluate -8 - (8 + -15) - 12 - -39.
26
-24 - (1 - 7 - -1 - -12 - 5)
-26
Calculate (-24 - (21 - 53)) + 0 + 1.
9
What is -7 + 5 + 6 + 3 + 3?
10
10 + (23 - 24 - (2 + 1 + 2))
4
What is the value of (-6 + (2 - -4) - 7) + (-6 - 1)?
-14
What is -1 - -4 - ((-6 - -19) + (2 - -1))?
-13
Calculate -1 - (-5 - 0 - ((6 - 4) + -3)).
3
Evaluate (3 - (17 + 2 + -5)) + 2 + -3.
-12
What is -4 - -3 - -16 - (-9 - -14)?
10
Evaluate 4 + -10 + 14 + 3.
11
What is the value of (29 - (-4 + 30)) + 12?
15
What is the value of 6 + (-22 - 8) + 4?
-20
What is the value of 667 - 661 - (-1 - (-1 - -1))?
7
19 + -50 + 12 + 15
-4
What is the value of -4 - (-28 + 13 + 29)?
-18
What is the value of (-41 - -53 - 3) + -8 + 1?
2
Calculate 40 - (12 + -12 + 9) - 9.
22
What is -15 + -14 + 6 - (-12 + 6)?
-17
Evaluate 6 + (4 - 10) + 11 + -27.
-16
Calculate -19 - 14 - -19 - -32.
18
What is (-11 - (-5 - (1 - 13))) + -1 + 7?
-12
Calculate (16 + -1 - (2 + 21)) + 2 + -5.
-11
Evaluate (8 - 2 - (14 - 16)) + 1.
9
What is the value of 5 + (-36 - (13 + -31))?
-13
Evaluate (5 - 5 - -2) + -23.
-21
What is the value of (-5 - (-5 + 6)) + -222 + 222?
-6
Calculate (30 - 0) + 8 + -29.
9
What is -16 + (86 + -33 - 40)?
-3
What is 1 + -2 + 0 - (900 - 910)?
9
-6 + 29 + -5 - 42
-24
Calculate -42 + (6 - 3 - (-12 - -8)).
-35
What is (5 + -12 - -7) + (1 + 4 - 5)?
0
13 + (-19 - -7) - 7 - (8 - 1)
-13
What is the value of 5 + 45 + -52 - (1 - 0 - 0)?
-3
Calculate 15 + (-12 - 31) - (-10 - -3).
-21
(184 - 193) + (-3 - 3) + 0
-15
-7 + 16 + 1 + 0 + -12 + 12
10
(-10 + 3 - -21) + (98 - 87)
25
Calculate 12 + (0 - -1) + -31 + 31.
13
What is (-1 - (5 - 1)) + (11 + -11 - -8)?
3
What is the value of (-11 - -1) + -144 + 159?
5
Evaluate 2 - 0 - (-51 + (88 - 53)).
18
What is the value of -7 - (6 - (-8 + 10)) - 0?
-11
What is ((0 - (1 - 8)) + -10 - 5) + 21?
13
What is the value of 27 + -12 + (-3 - (3 + -4) - -6)?
19
-5 + 16 - (-3 - 4 - 7)
25
74 + -65 + -15 + 1
-5
Evaluate 2 + 4 + 0 + -3 + 4.
7
Calculate (11 - -1) + -3 + 0 + -10.
-1
What is the value of 0 - -8 - (69 + -63)?
2
Calculate 22 - (14 - (-15 + 34)) - -4.
31
What is the value of 1 - 7 - (12 - 3 - -9 - -3)?
-27
Calculate 1 + -8 + 10 + -4 - -10.
9
What is the value of -7 + (0 + -18 - (6 + 22 - 25))?
-28
What is the value of -2 + (4 + 7 - 9) + -11?
-11
Calculate 19 + -10 + -56 + -21 + 37.
-31
Calculate (8 + -2 - 6 - (-4 + 4)) + -4.
-4
Calculate 23 + (31 - 9 - 30).
15
2 + ((3 - 1) + -5 - (-3 - -9))
-7
What is the value of 1 - -4 - (-33 + -14 + 37)?
15
What is the value of -6 + (4 + (6 - 8) - -10)?
6
Evaluate -18 - -19 - 1 - 6.
-6
What is the value of 12 + -22 + -13 - 12?
-35
Calculate (-3 - 4) + (28 + 1 - 15).
7
Calculate (8 + 1 - -10 - 30) + 8.
-3
5 + (-55 - 1) + 45
-6
Calculate (6 - (2 - (5 + -8))) + -15 + 6.
-8
What is -21 + -2 + 0 + 4 + 2 - -7?
-10
What is (8 - (3 - ((0 - -6) + -3))) + 13?
21
Evaluate 44 - 18 - (5 - -29).
-8
What is the value of 4 - ((18 + -9 - -5) + 12)?
-22
What is the value of (16 - 36) + -2 + 1 + (0 - -8)?
-13
Evaluate (1 - (-5 - -2)) + 3 + (3 - 19).
-9
Calculate 24 - (0 - -14) - (26 - 2).
-14
Evaluate (2 - (16 + -4)) + 2.
-8
Evaluate 0 - -1 - (-34 - (-1 + 2)).
36
What is 2 + (-11 - -4) + 8 + 0?
3
What is -5 - (-27 + (5 - (-4 + 7 + -6)))?
14
What is (0 + -2 - (0 + 15)) + -300 + 301?
-16
What is -10 - (0 - 15) - (-3 - -8)?
0
Evaluate -38 - ((9 - 12) + -9) - (-1 + -1).
-24
-2 + (1 - ((-10 - (0 - 7)) + 2))
0
What is the value of (295 - 277) + 0 + 3?
21
What is the value of -36 + 7 - 30 - -36?
-23
What is -21 + 11 + (0 - ((3 - 2) + 0))?
-11
What is -19 + 15 + -9 + 24?
11
Evaluate -6 + (-50 - -38 - (-14 + -3)).
-1
Calculate -1 + -18 + (-1605 - -1634).
10
What is the value of -21 + 11 + (2 - (4 + -3 - 4))?
-5
What is the value of 43 - 36 - (-1 - (-4 + 2))?
6
Evaluate (0 - (-5 + 9) - -4 - 2) + 3.
1
-8 + (-3 - -2) + 3 + -16 + 29
7
What is the value of 17 - ((17 - 3) + -5)?
8
What is the value of (8 - (1 + 2)) + -21 + 17?
1
What is (1 - 0) + -14 - (-51 - (-35 - 8))?
-5
Calculate -11 - -4 - (1 - (8 - -3)).
3
Evaluate 271 - 263 - (0 - 5).
13
Calculate 5 + 7 + 2 + 19 + -26.
7
Evaluate 17 + 0 - (32 - (91 + -85)).
-9
-10 + 7 + 13 + -14
-4
What is -50 + 6 + 18 + 20?
-6
Calculate 3 + -2 - (-133 + 133).
1
(-16 - (19 - 42)) + -3
4
Calculate -8 + -3 + (-35 - -56).
10
What is the value of 3 + 2 + (5 - 5 - 11) - -25?
19
What is 16 - ((24 - 43) + 15)?
20
What is the value of 16 + -8 + 13 + -19 + (12 - 0)?
14
Evaluate 8 + (6 - 10) + (4 - 4) + -14.
-10
(1 - 10) + -21 + (28 - -6)
4
Calculate 18 + -5 + (-2 - 2) + 2 + 2.
13
What is (-29 - -41 - -24) + -13?
23
Evaluate 15 - (-6 - -13) - (2 + 2 + 7).
-3
What is the value of -53 - -6 - (-156 - -133)?
-24
Evaluate 11 - (25 + -16) - (-3 - -6 - 6).
5
-30 - (-19 - -10) - -7
-14
What is the value of 0 + -28 - (-13 + -19 + 37 + 2)?
-35
What is 13 - (8 - -17) - (1 + -4)?
-9
Evaluate -4 + -2 + 4 + 0 + -1.
-3
What is the value of 0 + (-43 - (-28 - -7))?
-22
Evaluate (1 - (6 - 3)) + -35 + 23.
-14
Calculate (7 - (8 + -1)) + -12.
-12
Calculate -13 + -1 + 841 + -844.
-17
Evaluate -1 - (11 + 2 + -4).
-10
Evaluate -12 + -17 + 37 + -17.
-9
Calculate 9 + 2 + 1 + -5 - -2.
9
Calculate (0 + (-7 - -22) - 13) + 15.
17
What is the value of -528 - -505 - (-18 + 1)?
-6
What is -4 + 1 - (-74 - -72)?
-1
What is -10 + (20 - 21 - -15)?
4
What is -9 + (-20 - -58) + -20?
9
Evaluate (4 - 12) + (5 - (-4 + 13)).
-12
Evaluate (13 - (4 - -8)) + 2.
3
Evaluate -20 + 20 - (1 - -7).
-8
What is the value of 16 - ((27 - 48) + 24 + (0 - -7))?
6
What is the value of 0 - (6 + -10) - (-12 - -16)?
0
What is the value of (8 - -3 - (15 - 8) - -1) + -4?
1
What is 27 + (2 - (8 - 1) - (1 + -5))?
26
What is -6 - (-2 - -1) - (-110 - -112)?
-7
Evaluate 5 - (4 + -9 - -3) - (2 - 10).
15
Calculate 13 + (-13 + -1 - (134 - 113)).
-22
-4 + 9 + 1 + 21 + -20
7
What is -84 + 28 + 76 - (-1 + (-7 - 2))?
30
What is (-42 - 5) + -71 + 97?
-21
Calculate 4 + 0 - (-31 + 21).
14
Evaluate -11 + 21 + 7 - -11 - 12.
16
Evaluate -1 + 6 + (-84 - (-122 - -44)).
-1
Calculate 1 - (21 + -2 - (-65 + 69)).
-14
-136 + 168 - (2 - -15)
15
Calculate (-7 + 9 - (9 + -2)) + (96 - 114).
-23
What is the value of 4 - (-18 + 13) - (26 - 1)?
-16
Evaluate (-1 - -11) + (18 - (36 + -9)) + -19.
-18
-6 - (-3 - 10 - 0)
7
Calculate -12 - (-9 - 1 - 0).
-2
What is the value of 2 - ((-10 - -2) + 12) - -8?
6
Calculate -119 + 112 + 18 + -2.
9
What is the value of -1 - 0 - (570 - 569)?
-2
Calculate -3 + (3 - 3) + (-2 - 1) + -6.
-12
What is the value of 9 + -5 - (11 + (-27 - -13))?
7
Calculate 20 + -14 + -9 - -15.
12
What is -18 